t the prime factors of 82564736.
2, 645037
What are the prime factors of 1966738038?
2, 3, 327789673
What are the prime factors of 122213493?
3, 17, 798781
List the prime factors of 56972012.
2, 23, 619261
What are the prime factors of 99788740?
2, 5, 4989437
What are the prime factors of 64420388?
2, 16105097
List the prime factors of 201410554.
2, 193, 521789
List the prime factors of 199733194.
2, 43, 2322479
List the prime factors of 504776482.
2, 7, 1153, 31271
What are the prime factors of 2591484895?
5, 107, 569, 8513
List the prime factors of 1786253860.
2, 5, 397, 224969
What are the prime factors of 20779869?
3, 11, 53, 109
What are the prime factors of 278768897?
11, 25342627
List the prime factors of 55803910.
2, 5, 5580391
List the prime factors of 100340491.
100340491
List the prime factors of 2259945.
3, 5, 50221
List the prime factors of 7726356068.
2, 1931589017
List the prime factors of 8029934.
2, 11, 364997
List the prime factors of 374333455.
5, 17, 4403923
List the prime factors of 84819401.
19, 4464179
List the prime factors of 276009471.
3, 10222573
What are the prime factors of 7340174306?
2, 59, 467, 133201
List the prime factors of 66608518.
2, 41, 812299
What are the prime factors of 441061753?
11, 17, 1277, 1847
List the prime factors of 195988078.
2, 11, 13, 19, 36067
What are the prime factors of 178526102?
2, 89263051
What are the prime factors of 16890993?
3, 7, 23, 11657
What are the prime factors of 2841985396?
2, 59, 12042311
List the prime factors of 310022621.
127, 2441123
List the prime factors of 197044375.
5, 11, 28661
List the prime factors of 2985678525.
3, 5, 19, 47, 44579
What are the prime factors of 4319502?
2, 3, 11, 65447
What are the prime factors of 55910781?
3, 227, 27367
What are the prime factors of 5006768?
2, 13, 24071
What are the prime factors of 850255668?
2, 3, 23618213
List the prime factors of 100684850.
2, 5, 7, 287671
What are the prime factors of 94724049?
3, 7, 4510669
What are the prime factors of 30859670?
2, 5, 131, 23557
What are the prime factors of 627200695?
5, 11, 587, 19427
What are the prime factors of 35962063?
73, 492631
What are the prime factors of 12425791?
7, 19, 93427
What are the prime factors of 1784358495?
3, 5, 19, 2086969
List the prime factors of 86374060.
2, 5, 31, 139313
List the prime factors of 59950638.
2, 3, 11, 100927
List the prime factors of 120002236.
2, 409, 73351
What are the prime factors of 316098871?
11, 28736261
List the prime factors of 755073600.
2, 3, 5, 157307
List the prime factors of 7583156541.
3, 167, 5045347
List the prime factors of 123033058.
2, 83, 741163
What are the prime factors of 649497001?
37, 17553973
What are the prime factors of 1279512559?
13, 98424043
List the prime factors of 32236543.
467, 69029
What are the prime factors of 11884963?
11884963
List the prime factors of 968272673.
968272673
What are the prime factors of 221830964?
2, 727, 76283
What are the prime factors of 386957100?
2, 3, 5, 37, 71, 491
List the prime factors of 638911253.
193, 937, 3533
List the prime factors of 57169442.
2, 11, 19, 136769
What are the prime factors of 3152075693?
13, 242467361
List the prime factors of 44625701.
43, 47, 71, 311
List the prime factors of 35487306.
2, 3, 1971517
List the prime factors of 111612662.
2, 7, 97, 82189
What are the prime factors of 604597605?
3, 5, 17, 97, 24443
What are the prime factors of 53651769?
3, 29, 47, 13121
What are the prime factors of 36059072?
2, 7, 80489
What are the prime factors of 42054812?
2, 10513703
List the prime factors of 52701907.
103, 511669
List the prime factors of 59822873.
11, 59, 92177
List the prime factors of 242849186.
2, 691, 175723
List the prime factors of 1018666755.
3, 5, 61, 371099
What are the prime factors of 46199231?
13, 3553787
What are the prime factors of 224368849?
2029, 110581
What are the prime factors of 131610856?
2, 13, 107, 11827
What are the prime factors of 1912118091?
3, 13, 1327, 36947
What are the prime factors of 3928243018?
2, 7, 89, 3152683
List the prime factors of 3294401785.
5, 43, 47, 97, 3361
What are the prime factors of 366527536?
2, 41, 558731
List the prime factors of 40471473.
3, 7, 151, 12763
What are the prime factors of 49894966?
2, 11, 17, 71, 1879
List the prime factors of 13488612.
2, 3, 1124051
List the prime factors of 5134226921.
347, 433, 34171
What are the prime factors of 61633903?
29, 67, 31721
List the prime factors of 43135848.
2, 3, 7, 47, 607
What are the prime factors of 1414609617?
3, 471536539
What are the prime factors of 24017899?
727, 33037
List the prime factors of 3838641761.
11701, 328061
List the prime factors of 10742974.
2, 11, 488317
List the prime factors of 969478170.
2, 3, 5, 5011, 6449
List the prime factors of 112440887.
13, 8649299
What are the prime factors of 1251355921?
467, 1579, 1697
What are the prime factors of 86132475?
3, 5, 11, 13, 2677
What are the prime factors of 154581316?
2, 41, 942569
What are the prime factors of 31881239?
13, 17, 144259
What are the prime factors of 70893430?
2, 5, 7089343
List the prime factors of 7964045.
5, 41, 53, 733
What are the prime factors of 107621847?
3, 2689, 4447
List the prime factors of 701509623.
3, 29, 8063329
List the prime factors of 128123654.
2, 4337, 14771
What are the prime factors of 5675882532?
2, 3, 4457, 106123
What are the prime factors of 399898221?
3, 103, 1294169
What are the prime factors of 71737988?
2, 7, 241, 10631
What are the prime factors of 229466617?
439, 522703
List the prime factors of 12785930.
2, 5, 23, 2417
What are the prime factors of 10573171?
7, 151, 1429
What are the prime factors of 2144613289?
7, 13, 23567179
What are the prime factors of 216553392?
2, 3, 11, 199, 229
What are the prime factors of 795899796?
2, 3, 101, 656683
What are the prime factors of 738738931?
7, 1979, 53327
List the prime factors of 126399745.
5, 223, 113363
List the prime factors of 2607807822.
2, 3, 1429, 304153
What are the prime factors of 2616078732?
2, 3, 218006561
What are the prime factors of 4033612500?
2, 3, 5, 107563
List the prime factors of 86092743.
3, 11, 17, 19, 41, 197
List the prime factors of 78104641.
43, 1816387
List the prime factors of 2175396794.
2, 11117, 97841
List the prime factors of 45797100.
2, 3, 5, 152657
List the prime factors of 532011113.
20107, 26459
What are the prime factors of 211752741?
3, 41, 1721567
List the prime factors of 96077727.
3, 17, 277, 2267
List the prime factors of 4967152266.
2, 3, 23, 179, 211, 953
What are the prime factors of 4707710589?
3, 1569236863
List the prime factors of 49823126.
2, 353, 70571
List the prime factors of 434274.
2, 3, 72379
List the prime factors of 223230816.
2, 3, 71, 1213
List the prime factors of 600695837.
7, 85813691
List the prime factors of 25155863.
25155863
What are the prime factors of 1951334117?
2027, 962671
List the prime factors of 490237799.
490237799
What are the prime factors of 240507920?
2, 5, 31, 96979
List the prime factors of 2997089449.
199, 223, 67537
What are the prime factors of 64632603?
3, 7, 103, 29881
List the prime factors of 2466837007.
191, 12915377
List the prime factors of 257264101.
1129, 227869
List the prime factors of 118392713.
71, 239, 6977
What are the prime factors of 319615?
5, 97, 659
List the prime factors of 29676538.
2, 41, 361909
What are the prime factors of 227423041?
569, 399689
What are the prime factors of 318452103?
3, 19, 29, 64217
What are the prime factors of 239077731?
3, 79692577
What are the prime factors of 1571889993?
3, 367, 379, 3767
What are the prime factors of 2562024059?
7, 366003437
What are the prime factors of 217362982?
2, 108681491
What are the prime factors of 304450387?
103, 2955829
List the prime factors of 425129801.
53, 61, 131497
List the prime factors of 689376034.
2, 3529, 97673
What are the prime factors of 459143780?
2, 5, 22957189
What are the prime factors of 2176960227?
3, 13, 131, 426103
List the prime factors of 6280259438.
2, 15313, 205063
List the prime factors of 4806450468.
2, 3, 44504171
What are the prime factors of 72806509?
72806509
List the prime factors of 293880744.
2, 3, 31, 43889
What are the prime factors of 2087623430?
2, 5, 199, 1049057
List the prime